 v and 772?
4
Let t = 2868 + -2448. Calculate the greatest common factor of 160 and t.
20
Let r(m) = -m**3 - 2*m**2 + 11*m - 12. Let i be r(-5). Calculate the greatest common divisor of i and 2048.
8
Let b(t) = t**3 + 4*t**2 - 6*t + 1. Let k be b(-5). Suppose -j - k = -16. What is the highest common factor of 180 and j?
10
Suppose -10284 - 1353 = -3*g + 4*y, g - 3886 = -y. What is the greatest common divisor of g and 22?
11
Let u be -1*(2 - 3)*-61. Let y = u + 127. Let j = -15006 - -15012. What is the highest common factor of y and j?
6
Let v(r) = r + 25. Let q(c) = 2*c + 49. Let j(g) = -4*q(g) + 10*v(g). Let d be j(-9). Suppose 0 = -u - 34 + d. What is the greatest common divisor of u and 3?
1
Suppose 0 = -131*l + 110*l + 1134. What is the highest common factor of 666 and l?
18
Suppose 873 = -71*j + 74*j. Let t = 327 - j. Calculate the highest common divisor of t and 60.
12
Let d = 515 - 339. Let u(l) = -5*l - 94. Let a(b) = -2*b - 56. Let j be a(-17). Let s be u(j). Calculate the highest common factor of s and d.
16
Let l be (17 - -9406) + 6 + (-2)/1. What is the highest common factor of 11 and l?
11
Let h = 95 - 90. Suppose -q + 9 = 4*r, -8*q + h*q = 9. Let u = 4 + -1. What is the highest common factor of r and u?
3
Let k = 114 - 95. Let m(p) = -3*p**2 + 2*p**2 + 12*p - p**2 - k + p**2. Let t be m(8). What is the highest common divisor of 156 and t?
13
Let j be (-13040)/(-45) + 2/9. Calculate the highest common factor of 2465 and j.
145
Let v be -10 + (-576)/(-56) + 40/7. Let o be -14*v/18*(1 - 4). What is the greatest common factor of o and 126?
14
Let p(d) = -84*d - 5. Let q be p(-4). Suppose q - 130 = 3*w. Suppose -5 - w = -12*i. What is the greatest common factor of i and 30?
6
Let s be (-23484)/(-81) + 26/351. Let l = s + -277. What is the highest common factor of l and 169?
13
Let j(q) = -3*q**2 - 171*q + 31. Let k be j(-57). What is the highest common divisor of 4 and k?
1
Let t = -114 + 122. Suppose -140 + 12 = -t*d. Calculate the greatest common divisor of 64 and d.
16
Let c = -5542 - -13183. Calculate the highest common factor of c and 27.
27
Let g(k) = k**2 + 5*k - 12. Let j be g(-7). Suppose j*v - v = 0. Suppose v = f + f - 16. What is the highest common factor of f and 64?
8
Let j be (-7)/(-3) + ((-56)/24 - -2). Suppose 16*i - 2870 = j*i. What is the greatest common divisor of 10 and i?
5
Let m be ((-83)/(-2) - 3)*16. Suppose -m = -8*f + 4*f. Suppose -r - r + f = 0. What is the highest common factor of r and 7?
7
Suppose 0*t = 31*t - 27622 + 6418. What is the greatest common factor of t and 2204?
76
Suppose -4*w + 4 = -160. Let h = -988 - -1070. Calculate the highest common divisor of h and w.
41
Let u = -8780 + 8791. Calculate the greatest common divisor of u and 12881.
11
Suppose 5*i = -2*a + 2286, -4*a - 7*i + 0*i = -4560. What is the greatest common factor of a and 176?
11
Let n(w) = w**3 - 6*w**2 - 4*w - 1. Suppose -f = -1 - 6. Let m be n(f). Let t be (-8 + (-42)/(-12))*288/(-108). What is the highest common divisor of m and t?
4
Let k(p) = p**2 + 6838*p - 137058. Let g be k(20). Let r be 85*(2 - 0)/1. What is the highest common divisor of r and g?
34
Let h(l) = -4481*l + 393. Let r be h(-3). Calculate the greatest common factor of 48 and r.
12
Let t(i) = -64*i - 1064. Let k be t(-20). Calculate the greatest common divisor of 984 and k.
24
Let z be (-1884)/(-10) + (-156)/(-260). Let d be (1 + 1)*63/6. What is the highest common factor of d and z?
21
Let t(v) = -v**3 - 5*v**2 - 2. Let y be t(-5). Suppose -3*x - 5*d + 82 = 0, 18 + 24 = 3*x - 3*d. Let p = y + x. What is the highest common divisor of 119 and p?
17
Let c = 983 + -266. Let d = -87 + c. Calculate the greatest common factor of 10 and d.
10
Let s = -2135 - -2455. Calculate the greatest common factor of s and 20.
20
Suppose r - 3*a = 8, -r - 2*r + 3*a = -48. Suppose -2*o + 74 = 4*n, -2*n + o = -7 - r. What is the greatest common divisor of 408 and n?
8
Let m = -81 - -116. Suppose -2*x = v + 3*x + 10, -4*v = -5*x - m. Suppose 0 = v*n - 5, -1 = -4*z + n + 2*n. Calculate the greatest common divisor of z and 2.
1
Suppose -608 = -h + 132. Let v be -4 + 77/(-44) + 5 + (-76)/(-16). What is the highest common factor of h and v?
4
Suppose -63*y + 0 + 252 = 0. Suppose 3*o - 5 = -c, 6*o - o - 6 = -4*c. Let x be ((-2)/3 - c)*12. What is the highest common factor of y and x?
4
Let c be (856/6)/((-8)/6 + 2). Suppose q - 53 = -3*l - 8, 4*l = -5*q + c. Suppose -6 = -6*t + 5*t. What is the greatest common factor of t and q?
6
Let h be (0 + 33)*(-35 + 2314/39). Calculate the highest common divisor of 22 and h.
11
Let a(j) = -2*j**3 - 2*j**2 + 50*j + 407. Let f be a(0). What is the greatest common factor of f and 185?
37
Suppose 573*h - 589*h + 2336 = 0. What is the greatest common divisor of h and 1825?
73
Suppose 0 = -9*u + 112 + 248. Suppose 4*g - 21 - 3 = -5*w, -12 = -4*w + 4*g. Suppose w*r - 87 = -23. Calculate the highest common factor of u and r.
8
Suppose 0 = 12*p + 5*p - 34. Suppose -86 = -5*i + 2*o, -3*i - i + 68 = -p*o. Calculate the greatest common divisor of i and 3.
3
Suppose 0 = -30*x + 46*x - 32. Let g be (-7 - x)/(-3) - 0/15. Calculate the greatest common divisor of g and 27.
3
Let z be 9 - (1685/(-5) + 6)/1. Calculate the highest common divisor of 799 and z.
17
Let c = -2375 + 2504. Calculate the highest common factor of 1849 and c.
43
Let w be 9 + (-13 + -277710)/(-19). What is the highest common factor of 412 and w?
206
Let f(n) = -23*n - 138. Let u be f(-6). Suppose -55*d + 54*d + 288 = u. Calculate the highest common factor of 9 and d.
9
Let i = -22 - -27. Suppose -5 = -i*d + 20. Suppose 0 = -n + 2*z + 30 + 18, -n + 62 = d*z. What is the greatest common divisor of 26 and n?
26
Suppose -t + 3*i + 155 = 84, 5*t = -2*i + 440. What is the highest common divisor of 2752 and t?
86
Let i(o) = 6*o**2 + 14*o + 199. Let u be i(-23). Calculate the highest common divisor of 27 and u.
27
Let v be (-6)/12*-76 - (-2 - -1). Suppose v = 2*s - 53. Let k = -151 + 289. What is the greatest common factor of s and k?
46
Let z(q) = q**3 - 30*q**2 - 97*q - 41. Let k be z(33). Calculate the greatest common factor of k and 65.
5
Let c(i) = i**3 + 5*i**2 - 16*i - 9. Let l be c(-6). Let w be (-2)/14 + 13/(-7) + l. Calculate the greatest common factor of w and 14.
7
Suppose -3502*z + 9660 = -3474*z. Calculate the highest common factor of z and 315.
15
Let k be (15/(-35) - -1) + (-739)/7. Let y = -50 - k. Calculate the greatest common divisor of 66 and y.
11
Suppose 5*t - 5 = 10*t, 4*t = -3*i + 308. Let z be ((-14)/3 + -2)*-39. What is the highest common factor of i and z?
52
Suppose 183 = j + 41. Let b = j + 155. What is the highest common divisor of b and 11?
11
Suppose 10*q - 54 = q. Suppose -4*a - 2*k = -6*a + q, 3*a - 5*k = 11. Suppose a*d = -d + 3. What is the highest common factor of d and 1?
1
Suppose g = -5*n - 15 + 34, 29 = g - 5*n. Suppose -143*f + 140*f = -6. Suppose f = -j + g. Calculate the greatest common divisor of j and 11.
11
Let c(n) = 149*n**2 + 57*n + 1. Let g be c(-1). Suppose -3*t = 4*h - 132 - 228, 3*h - 115 = -t. What is the highest common divisor of g and t?
31
Suppose 13*v + 16 = 17*v. Suppose 112 = 5*o + v*n - 0*n, 0 = 3*o - 3*n - 51. What is the greatest common factor of o and 320?
20
Let k(j) = 13*j - 89. Let c be k(8). Calculate the greatest common factor of 55 and c.
5
Suppose -4*v - 144 = -13*v. Let m(c) = c**2 - 20*c - 2. Let a be m(v). Let z = a + 138. What is the greatest common factor of 36 and z?
36
Let n be (-11 - -2 - 4)/(-1). Suppose 0 = 5*i - 78 + n. Calculate the highest common divisor of i and 143.
13
Suppose 144 = 234*a - 228*a. Let v(h) = 2*h**3 - 4*h**2 + 5*h - 3. Let z be v(3). Calculate the highest common factor of z and a.
6
Suppose -2*l - 4*x + 96 = x, -5*l = -3*x - 147. What is the highest common factor of 8481 and l?
33
Let z(r) be the first derivative of -4*r**2 - 44*r + 1. Let u be (30/90)/(1/(-30)). Let w be z(u). What is the greatest common factor of w and 18?
18
Let k(j) = 22*j + 6. Let p be k(5). Let h be (-13)/((-39)/18)*(-1)/(-1). Let d be h + 1/(8/2272). What is the highest common factor of d and p?
58
Suppose -3*g = 5*v - 558 - 699, 2*g - 754 = -3*v. Let s = -234 + v. Calculate the highest common divisor of 558 and s.
18
Let 